(-1294)/22.
58
What is the remainder when 44 is divided by 4/(-10) + (3 - (-248)/20)?
14
Suppose 32*g + 242 - 2610 = 0. What is the remainder when 886 is divided by g?
72
Let a(v) = 4*v - 22. Suppose 27*y - 20 = 23*y. What is the remainder when y is divided by a(6)?
1
Let m = -18 - -225. Let h = 123 - m. Let x = -58 - h. What is the remainder when x is divided by 7?
5
Let u = 19 + 6. Suppose 0 = -4*q + 3*o + 17 + u, q = o + 10. What is the remainder when 23 is divided by q?
11
Calculate the remainder when ((-6)/15)/(12/(-870)) is divided by 7.
1
Suppose 0 = 5*x - 5 - 15. Suppose -212 = -4*w + x*q, -5*w = -0*w - 2*q - 256. What is the remainder when w is divided by 14?
8
Suppose -l - 2*l = -171. Let x(y) be the second derivative of y**4/12 - 2*y**3/3 + 4*y**2 - 43*y. What is the remainder when l is divided by x(6)?
17
Suppose -11*g - 15 = -16*g. What is the remainder when 9 + 0 + 6/(-3) is divided by g?
1
Let g = -1343 - -1535. What is the remainder when g is divided by 13?
10
Let k = 758 + 263. What is the remainder when k is divided by 93?
91
Let o(b) = -9 + 0*b**2 + b**2 + b + 0*b. Let w be 8/(-5)*(-25)/20*-4. Calculate the remainder when o(w) is divided by 12.
11
Let c be (4 + -5)*(-2)/2. Suppose x + 2*l = l + 12, -3*x + c = -4*l. What is the remainder when (-74)/(-3) + 10/(-15) is divided by x?
3
Let j = -121 + 201. Let m = -75 + j. Calculate the remainder when 1 - (-10 + (-2 - -2)) is divided by m.
1
Suppose 111 = -54*x + 1029. What is the remainder when 115 is divided by x?
13
Let y(s) be the second derivative of 41*s**5/5 + s**4/6 - s**3/2 + s**2 - 26*s. Calculate the remainder when y(1) is divided by 28.
25
Let q(d) = 6*d**2 + d - 1. Let h = 18 + -13. Suppose m + 6 = b, 2*b - h*m + 14 = 35. What is the remainder when q(1) is divided by b?
0
Let t(n) be the second derivative of -n**5/20 - n**4/6 + n**3/6 - 4*n. Let i be t(-3). Suppose -2*g - i = -22. Calculate the remainder when g is divided by 2.
0
Suppose 0 = -5*v + 4*y + 43, 4*v - 36 = 5*y - 7. Suppose 3*k - k - f - 39 = 0, 3*f + 79 = 4*k. Calculate the remainder when k is divided by v.
8
Suppose 3*b + 2*x = 83, -42*b + 47*b - 147 = x. What is the remainder when 432 is divided by b?
26
Suppose 167*v - 755 = 162*v. Calculate the remainder when v is divided by 77.
74
Suppose -5*z + 10 = -10. Let c(d) = -d**3 - 4*d**2 - d + 7. Calculate the remainder when (164/6)/(z/6) is divided by c(-4).
8
Suppose -3*n = -45 - 24. What is the remainder when (-1)/(-2)*-1*1904/(-7) is divided by n?
21
Suppose 3*f + 4*x = 29, -8*x = -f - 6*x + 23. Calculate the remainder when 55 is divided by f.
10
Let a = 326 + -292. Calculate the remainder when a is divided by 19.
15
Suppose 5*n - 2*b + 272 = 8, 0 = -2*n - 3*b - 117. Let f be (-2)/4 - 334/(-4). Let m = f + n. What is the remainder when m is divided by 15?
14
Let m = 2320 - 2306. What is the remainder when 329/4 - (-1)/(-4) is divided by m?
12
Let x(v) = 5*v**3 + 46*v**2 - 6*v + 25. Calculate the remainder when 628 is divided by x(-9).
148
Let n(b) = -2*b**2 - 26*b + 12. Suppose 0 = 5*g - 31 - 19. Calculate the remainder when n(-12) is divided by g.
6
Suppose 5 = 5*h - 3*d, 3*d + 2*d = -4*h + 4. Let n = 4 + -1. Calculate the remainder when n is divided by h.
0
What is the remainder when 115 is divided by (3/(3/10))/(8/20)?
15
Let k(l) = -8*l + 57. Let b(c) = 1. Let j(g) = -2*b(g) - k(g). Calculate the remainder when 60 is divided by j(10).
18
Suppose 20395*q + 165 = 20398*q. Calculate the remainder when 264 is divided by q.
44
Suppose -8*j + 82 = -6. Let w = 6 + 0. Calculate the remainder when j is divided by w.
5
Let p(l) = -2*l + 5. Let b = 2589 + -2512. What is the remainder when b is divided by p(-4)?
12
Let a(g) = g**2 - 7*g - 148. What is the remainder when a(18) is divided by 27?
23
Suppose 5*t - 4*x - 140 = -9*x, -3*t = x - 90. Let l(c) = -c**3 + 5*c**2 - 3*c + 5. Let p be l(5). What is the remainder when 9 is divided by p/(-55) + t/11?
0
Let h(n) = -n**2 - 18*n + 8. What is the remainder when 476 is divided by h(-6)?
76
Let p(k) = 11*k - 88. What is the remainder when 131 is divided by p(9)?
10
Let j = 1609 - 1245. Calculate the remainder when j is divided by 25.
14
Suppose -2*i = 2*h - 34, 5*h + 52 = 2*i + h. Calculate the remainder when 119 is divided by i.
19
Suppose -4*i = 3*s - 34, 0 = 5*s - 3*i - 13 - 5. Let g = -11 - -14. Suppose u = -g*u + 64. Calculate the remainder when u is divided by s.
4
Suppose 4*u + 2*h - 61 = 3*u, 3*u - 215 = 2*h. Suppose 4*a = -z + u, 124 = 2*z + a - 0*a. Calculate the remainder when z is divided by 16.
13
Let k = 879 - 860. Calculate the remainder when 226 is divided by k.
17
Let h = -696 + 981. What is the remainder when h is divided by 32?
29
What is the remainder when 59 is divided by (4 + (-56)/12)/(4/(-84))?
3
Let j be (-22)/2*(1 + 0). Let z = 15 + j. Suppose -z*h = h - 305. Calculate the remainder when h is divided by 16.
13
Let y = -55 - -60. Suppose -5*s = -5*w - 715, 0 = -2*s - y*w + w + 268. Calculate the remainder when s is divided by 36.
32
Suppose -7*o + 3*o - 5*k + 223 = 0, 5*o + 5*k = 275. Calculate the remainder when o is divided by 12*3*6/8.
25
Let t = -1544 - -2573. What is the remainder when t is divided by 94?
89
Let w(d) = 42*d**2 - 2*d + 3. What is the remainder when w(1) is divided by 9?
7
Calculate the remainder when (-9738)/(-7) + (-24)/21 is divided by 6.
4
Suppose -70 = -5*t - i, -3*t - i + 56 = t. Let k be (-8)/28 + (-66)/t. What is the remainder when -32*k/25*5 is divided by 11?
10
Let u = 857 - 727. Let v = 15 - -7. What is the remainder when u is divided by v?
20
Let w = -23 - -40. Suppose -3*i = -w - 22. What is the remainder when i is divided by -2*(0/2 - 2)?
1
Calculate the remainder when 271 is divided by 26 + (-1)/(-4)*-4.
21
Suppose -5*r - x + 79 = 0, -94 = -4*r - 2*x - 26. What is the remainder when 613 is divided by r?
13
Suppose -y - 875 = 4*y. Let w = -379 - -633. Let j = y + w. What is the remainder when j is divided by 20?
19
Let r be 2/7 - (-24)/14. Let n be 8/(-4)*-49 - (-1 - -1). Suppose 4*k = r*q + n, 5*q + 33 = 2*k + 4. Calculate the remainder when k is divided by 15.
12
Suppose 15*v + 3631 = 9766. Calculate the remainder when v is divided by 141.
127
Let x = -1097 - -1102. What is the remainder when x is divided by 1?
0
Let j(d) be the first derivative of -d**2/2 + d + 6. Let o be j(0). What is the remainder when ((-2)/5)/(o/(-5)) is divided by 1?
0
What is the remainder when 910 is divided by (-7 - 2)*((-340)/(-30))/(-17)?
4
Suppose 2*t + u - 3 = 4*t, 0 = 2*u - 6. Suppose 4*b + d + 0*d + 9 = t, -3*b = 5*d + 11. Let k = 1 - b. Calculate the remainder when 7 is divided by k.
1
What is the remainder when 536 is divided by 230/((-70)/(-7)) + 11?
26
Suppose -256 = 11*k - 1488. What is the remainder when k is divided by 38?
36
Let t(r) = r + 240. Calculate the remainder when t(20) is divided by 92.
76
Suppose -5*t + 105 = 5*i, -3*i - 5 = 4. Let z(x) = 13*x**2 + 388*x - 17. Calculate the remainder when z(-30) is divided by t.
19
Let c(u) = -141*u + 142*u + 0 - 6. Let n = -8 - -13. Calculate the remainder when n is divided by c(8).
1
Let m be (5 - 3) + -2 + -3. Let s = -40 + 57. Calculate the remainder when m + 0 + 1156/17 is divided by s.
14
Suppose b + 0*b - 10 = 0. What is the remainder when (-1678)/(-30) - (-84)/1260 is divided by b?
6
Suppose 0 = 2*b + 3*m - 39, b + 52 = 4*b - 2*m. Suppose 20 = 7*q - 5*q. What is the remainder when b is divided by q?
8
Let b = -201 + 266. Calculate the remainder when b is divided by 27.
11
Let b be ((-3)/2)/((-15)/760). Let y = b + -63. What is the remainder when 63 is divided by y?
11
Let p(t) = t**2 - 8*t + 1. Suppose 0 = -4*x + 16, j - 4*x = -4*j + 44. Calculate the remainder when p(10) is divided by j.
9
Suppose -3*r - 189 = -0*r. Let y = r + 97. Calculate the remainder when 133 is divided by y.
31
Suppose -6*t = 5*y - 2*t - 27, 5*y + 3*t = 29. Let m(x) = -4 + 3*x + 1 - y - 5. Calculate the remainder when 6 is divided by m(6).
0
Suppose -2*l + 0*l = -2*k - 140, -3*l = k - 198. Suppose c - 7 = -4*a, -3*c - 13 = -a - 7*c. Let y = a - -22. What is the remainder when l is divided by y?
21
Suppose 3*i - 3*q = 645, -61*i = -57*i - q - 854. Let u(c) = 4*c**3 + c + 2. Calculate the remainder when i is divided by u(2).
33
Let f be